e 10/2*216/(-90). List the prime factors of -4*(45/m - 2).
23
Let f be ((-10)/(-15))/(4/(-246)). Let d = 76 + f. List the prime factors of d.
5, 7
Suppose -9*n + 34 + 2 = 0. What are the prime factors of n?
2
List the prime factors of ((177/(-2))/(-1))/((-8)/(-16)).
3, 59
Suppose 90 - 310 = -5*i. List the prime factors of i.
2, 11
Let x(k) = 2*k**2 - 3*k + 4. Let o be x(-5). What are the prime factors of 8/6 - o/(-9)?
3
Suppose 1 = -2*g + 3*g. Suppose t - 2*t = g. Let c(s) = 10*s**2 - s - 1. What are the prime factors of c(t)?
2, 5
Suppose -3*c + 39 - 12 = -3*s, 2*c - 33 = 5*s. Suppose 0 = -c*q - 12. Let u = q + 10. List the prime factors of u.
7
Let p be (0/(0 - 3))/1. Let u be 88/(-20)*(-5 + p). Let b = -15 + u. List the prime factors of b.
7
Suppose 6*f + 5*n = 5*f + 7, -8 = 4*n. List the prime factors of ((-1)/((-1)/f))/1.
17
Suppose 3*u - 2*j = -5*j + 75, 4*j + 68 = 3*u. Suppose 2*z - 7 = i, i - 2 + u = 5*z. Suppose -i*c - 2*c = -85. List the prime factors of c.
17
Let j(f) = -2*f - 13. Let u be j(-9). Let q be (6/u)/(9/(-30)). List the prime factors of (-66)/q*(-2)/(-3).
11
Let y(u) = u**2 + 1. Suppose 0 = -l + 5*l + 12. Let r be (1 + l)*(2 - 0). What are the prime factors of y(r)?
17
Let k = 251 + -145. What are the prime factors of k?
2, 53
Suppose 0 = 4*d + 2*n, -2*d - n = 4*n. Let r = d + -4. List the prime factors of r/(-14) + 108/14.
2
Let u be 1 - 1 - (-18)/3. What are the prime factors of ((-8)/u - 1)*-3?
7
Let l(d) = -d**2 + 3*d + 2. Let m be l(3). Suppose 0*t - 42 = -4*a - t, -m*t = 2*a - 24. List the prime factors of a.
2, 5
Suppose -27*m = -10*m - 2431. What are the prime factors of m?
11, 13
Let i = -11 + -4. What are the prime factors of i/25*35/(-1)?
3, 7
Let l(z) = 0*z + 2*z + z**2 - z + 4. List the prime factors of l(0).
2
What are the prime factors of (-27)/9 - (-21 - 1)?
19
Let p(n) = 2*n**2 + 10*n + 14. List the prime factors of p(-7).
2, 3, 7
Suppose 4*w - 150 = 2*w + 5*d, -5*w + 375 = 4*d. What are the prime factors of w?
3, 5
Suppose 0 = 4*c - 0*c - 12. Suppose -45 - c = -g. Suppose 12 = 5*r - g. List the prime factors of r.
2, 3
Let n = 15 - 11. Suppose -n = -o - 2. Suppose -o*r - 6 = -5*r. What are the prime factors of r?
2
Let u(i) = i**2 - 9*i + 17. List the prime factors of u(19).
3, 23
Suppose -i = -10 + 2. Suppose -4*x + 0 + i = 0, 3*x + 78 = 4*s. What are the prime factors of s?
3, 7
Suppose -2*r = -7*r - 5*m + 40, -2*r - 3*m + 11 = 0. Let w be (-1 + 4)/(-3) - r. Let c = 21 + w. What are the prime factors of c?
7
Suppose -6*q + 2*q = -24. What are the prime factors of (-121)/(-7) + q/(-21)?
17
Suppose k + 7 = -2. What are the prime factors of (4/6)/((-2)/k)?
3
Suppose -v = 0, 2*v + v = -b + 57. Suppose -4*l + b = -l. What are the prime factors of l?
19
Let n = 5 - 4. Let o = n - 10. Let f = 20 + o. What are the prime factors of f?
11
Let h(i) = -i**2 + 8*i. Let s = 21 - 15. What are the prime factors of h(s)?
2, 3
Let r be (10/(-6))/(4/(-12)). Suppose 3*m = r + 4. List the prime factors of m.
3
Suppose 5*j + 20 = -0*j. Let z(m) = -m**3 + 11*m + 5. What are the prime factors of z(j)?
5
Suppose 2 = -3*u + 2*u + 2*t, -4*u = 2*t + 38. Let w(i) = -i + 10. Let y be w(u). Suppose -2 = -4*n - 2*p + y, 3*p = 2*n - 2. What are the prime factors of n?
2
What are the prime factors of (-4)/8*-18 + 1?
2, 5
Let g(z) = 26*z + 33. List the prime factors of g(5).
163
Let f(t) be the second derivative of -t**5/20 + 3*t**4/4 + 11*t**3/6 + 11*t**2/2 - 4*t. List the prime factors of f(10).
3, 7
Let u = 17 - 6. List the prime factors of u.
11
Let t(i) = 2*i**2 + 8*i - 5. List the prime factors of t(3).
37
Let v(i) = -6*i**3. Let s be v(-1). Suppose 3*k = 3*n - s, -5*n - 2 = -2*k - 24. Suppose -5*p - n + 16 = 0. What are the prime factors of p?
2
Let p be -1 + 5/(10/4). Let s = p + 6. What are the prime factors of s?
7
Let h = 158 - 110. Suppose -2*n - h = -6*n. What are the prime factors of n?
2, 3
Let p be -2 + (8/(-2))/2. Let c be 6/p*(-3 - -1). Suppose 3*u - 2*g - 32 = 2*g, 37 = c*u - 5*g. List the prime factors of u.
2
Let k = 4 - 1. Suppose w = -2 + 7, -33 = -k*y - 3*w. List the prime factors of 20 + -1*(-3 + y).
17
Let d(a) = -a**3 + 5*a**2 - 5*a + 5. Let l be d(4). Suppose -o + l = -2*o. List the prime factors of (-2 - (o + 3))*-2.
2
Let v be (15/9)/((-2)/(-6)). Suppose 0 = v*j - 74 + 14. List the prime factors of j.
2, 3
What are the prime factors of (229/2)/(-1*(-6)/12)?
229
Suppose 4*s = -2*u + 58, 3*u - 3*s - 2*s = 43. Suppose -g - 2*o = -8, 4*o - 5 = 2*g - u. What are the prime factors of g?
2
Let s(t) be the first derivative of 5*t**4/6 - t**3/6 + 2*t + 3. Let r(m) be the first derivative of s(m). What are the prime factors of r(1)?
3
Let u(i) = i**2 + 8*i - 5. Let y be u(-9). Let r = y - 2. List the prime factors of 14/2*(-1 + r).
7
Suppose 5*l - 3*l - 8 = 0. Suppose 3*v - 6 = 3*b, -l*b = 4*v - 3 - 45. List the prime factors of v.
7
Suppose 4*l - 2 = -18. Let c = 0 - l. What are the prime factors of c?
2
List the prime factors of (-1 + 3)*(-4994)/(-44).
227
Let c = 14 + -7. Let h = c + 1. What are the prime factors of h?
2
Let b(a) = -a**2 - 10*a - 4. Let o be b(-8). What are the prime factors of ((-68)/6)/((-8)/o)?
17
Let v(i) = -i**3 - 7*i**2 - 31*i - 9. List the prime factors of v(-7).
2, 13
Let w = -17 + 25. List the prime factors of (87/12)/(2/w).
29
Let l(j) = -j + 3. Let d be (-2)/(-8) - (-21)/(-4). Let i be l(d). Suppose -5*p = -12 - i. List the prime factors of p.
2
Suppose -5*k + 4*a + 1388 - 1 = 0, -3*k + 3*a = -834. What are the prime factors of k?
5, 11
Suppose -2*h = -3*h - 3. What are the prime factors of -2 + -4 - h - -27?
2, 3
Let l(j) = 4*j - 2. Let a be l(5). Suppose -f + a = o, o - 81 = -5*f - o. What are the prime factors of f?
3, 5
Let i be -2 + (18 - -1) - 1. Let r = i + 6. List the prime factors of r.
2, 11
Suppose 0 = -a + 6*a + 5*r - 910, 5*a - 2*r = 917. List the prime factors of a.
3, 61
Let i = 22 + -12. Suppose 3*t - 14 - i = 0. List the prime factors of t.
2
Let x = -52 + 81. What are the prime factors of x?
29
Let x(y) = 48*y - 1. What are the prime factors of x(1)?
47
Let o(s) = s**3 + 9*s**2 + 8*s. Let w be o(-8). Suppose -i + 4*i - 48 = w. What are the prime factors of i?
2
Let f(a) = 2*a**2 - 22*a + 17. Let u(l) = -3*l**2 + 33*l - 25. Let k = 16 + -9. Let c(n) = k*f(n) + 5*u(n). List the prime factors of c(10).
2
Suppose j - 5*h = -17, 2*j + 3*h = 7*j - 3. What are the prime factors of (-282)/4*(-2)/j?
47
Let d = -19 + 25. Suppose -d*k = k - 42. What are the prime factors of k?
2, 3
Let l = 8 - 5. Suppose 3*g = l, g = y - 0*g - 20. What are the prime factors of y?
3, 7
Suppose -w - 4*y + 8 = 3*w, -6 = -3*w + 2*y. Suppose -5*o = n - 19 - 4, -w*n + 6 = 0. List the prime factors of o.
2
Let z(g) be the first derivative of -g**4/4 + 8*g**3/3 + 5*g + 2. List the prime factors of z(8).
5
What are the prime factors of 24/108 - -3193*(-2)/(-18)?
5, 71
Let z(c) = -7*c + 16. What are the prime factors of z(-7)?
5, 13
Let n = -139 + 221. Suppose -4*j = 30 - n. What are the prime factors of j?
13
Let j = -41 + 43. What are the prime factors of j?
2
What are the prime factors of 8/(-36) - 789/(-27)?
29
List the prime factors of (1 - 6/(-6))/(2/141).
3, 47
Suppose 0 = i - 1 + 2. Let r(u) = 5*u - 6*u + 4*u**2 + 48 + 6*u**2 - 49. What are the prime factors of r(i)?
2, 5
Suppose -3*z + 0 = k - 55, -5*k = -3*z - 293. What are the prime factors of k?
2, 29
Let b(v) = -v + 5. Let y be b(0). Suppose 3*u = -y*c + 99, 3 + 9 = c - 2*u. Suppose -c = 2*q - 4*q. List the prime factors of q.
3
Let m be (-3)/(-2)*2/3. List the prime factors of 50 - (0 + 3 + m).
2, 23
Suppose 72 = 2*b + b. Let f = b + -15. List the prime factors of f.
3
Suppose 3*r + h - 133 = 0, 4*r + h - 178 = -0*h. What are the prime factors of r?
3, 5
Let g = 28 + -16. Let b = -2 + g. List the prime factors of b.
2, 5
Let d(r) = r**3 - 5*r**2 + 5. Let n be d(5). Suppose -n*p + 19 = b, -b = -0*b - 4. List the prime factors of p.
3
Let d = -1 - 0. Let y = d + -2. What are the prime factors of (-2)/6*0 - y?
3
Let g = 22 + 95. What are the prime factors of g?
3, 13
What are the prime factors of 6*(-4 - (-138)/9)?
2, 17
Let l = -31 - -92. Let q = -6 + l. List the prime factors of q.
5, 11
Suppose v = -4*m + 3*v - 2600, 632 = -m + 5*v. List